{"version":"1.0","provider_name":"laurent pernot","provider_url":"https:\/\/laurentpernot.net\/fr","author_name":"lpstudio","author_url":"https:\/\/laurentpernot.net\/fr\/author\/lpstudio\/","title":"2017 \/ Le Bel Ordinaire, Pau - laurent pernot","type":"rich","width":600,"height":338,"html":"<blockquote class=\"wp-embedded-content\" data-secret=\"sAcAzSwMjY\"><a href=\"https:\/\/laurentpernot.net\/fr\/2017-pau\/\">2017 \/ Le Bel Ordinaire, Pau<\/a><\/blockquote><iframe sandbox=\"allow-scripts\" security=\"restricted\" src=\"https:\/\/laurentpernot.net\/fr\/2017-pau\/embed\/#?secret=sAcAzSwMjY\" width=\"600\" height=\"338\" title=\"&#8220;2017 \/ Le Bel Ordinaire, Pau&#8221; &#8212; laurent pernot\" data-secret=\"sAcAzSwMjY\" frameborder=\"0\" marginwidth=\"0\" marginheight=\"0\" scrolling=\"no\" class=\"wp-embedded-content\"><\/iframe><script type=\"text\/javascript\">\n\/* <![CDATA[ *\/\n\/*! This file is auto-generated *\/\n!function(d,l){\"use strict\";l.querySelector&&d.addEventListener&&\"undefined\"!=typeof URL&&(d.wp=d.wp||{},d.wp.receiveEmbedMessage||(d.wp.receiveEmbedMessage=function(e){var t=e.data;if((t||t.secret||t.message||t.value)&&!\/[^a-zA-Z0-9]\/.test(t.secret)){for(var s,r,n,a=l.querySelectorAll('iframe[data-secret=\"'+t.secret+'\"]'),o=l.querySelectorAll('blockquote[data-secret=\"'+t.secret+'\"]'),c=new RegExp(\"^https?:$\",\"i\"),i=0;i<o.length;i++)o[i].style.display=\"none\";for(i=0;i<a.length;i++)s=a[i],e.source===s.contentWindow&&(s.removeAttribute(\"style\"),\"height\"===t.message?(1e3<(r=parseInt(t.value,10))?r=1e3:~~r<200&&(r=200),s.height=r):\"link\"===t.message&&(r=new URL(s.getAttribute(\"src\")),n=new URL(t.value),c.test(n.protocol))&&n.host===r.host&&l.activeElement===s&&(d.top.location.href=t.value))}},d.addEventListener(\"message\",d.wp.receiveEmbedMessage,!1),l.addEventListener(\"DOMContentLoaded\",function(){for(var e,t,s=l.querySelectorAll(\"iframe.wp-embedded-content\"),r=0;r<s.length;r++)(t=(e=s[r]).getAttribute(\"data-secret\"))||(t=Math.random().toString(36).substring(2,12),e.src+=\"#?secret=\"+t,e.setAttribute(\"data-secret\",t)),e.contentWindow.postMessage({message:\"ready\",secret:t},\"*\")},!1)))}(window,document);\n\/\/# sourceURL=https:\/\/laurentpernot.net\/fr\/wp-includes\/js\/wp-embed.min.js\n\/* ]]> *\/\n<\/script>\n","thumbnail_url":"https:\/\/laurentpernot.net\/fr\/wp-content\/uploads\/2017\/12\/2017_laurentpernot_exhibitionview_pau_02v.jpg","thumbnail_width":368,"thumbnail_height":533,"description":"&#8220;Monts et merveilles&#8221;, exposition collective du 18 janvier au 25 mars 2017 Commissaire d&#8217;exposition : Fran\u00e7ois Loustau L\u2019exposition Monts et merveilles s\u2019aventure au milieu des montagnes jusqu\u2019\u00e0 se rapprocher au plus pr\u00e8s des pierres et des cailloux. Sur un mode artistique, appr\u00e9hender les reliefs et la g\u00e9ologie sous-jacente revitalise encore davantage les liens sensibles qui [&hellip;]"}

&#8220;Monts et merveilles&#8221;, exposition collective du 18 janvier au 25 mars 2017 Commissaire d&#8217;exposition : François Loustau L’exposition Monts et merveilles s’aventure au milieu des montagnes jusqu’à se rapprocher au plus près des pierres et des cailloux. Sur un mode artistique, appréhender les reliefs et la géologie sous-jacente revitalise encore davantage les liens sensibles qui [&hellip;]
